2 + 1/120*y**6 + 0*y - 1/20*y**5. Give q(3).
8
Let c(l) = l**3 - 4*l**2 - 5. Let o be c(4). Let k be o/((-20)/(-12)) - -16. Suppose 0 = -3*i - k + 4. Let u(b) = -2*b**2 - 5*b - 3. What is u(i)?
-6
Let a(q) = -q**3 - q**2 - 2. Let n be a(0). Let r = -5 - n. Let u(l) = -2*l**3 - 317 + l + 2*l**3 + 321 - l**3 - 4*l**2. Give u(r).
-8
Let m(v) = -v - 7. Let a(u) = u**3 + 3*u**2 - 6*u - 13. Let x be a(-3). Suppose -x*f + 10*f + 15 = 0. What is m(f)?
-4
Let o(j) = 2*j + 5 + 1 - 9*j + 6*j. Let u = 2 + -7. Let s(k) = -2*k - 6. Let x be s(u). What is o(x)?
2
Let q(l) = -9*l**2 + 1975*l + 9 - l**3 - 1975*l. Let k = -14 - -5. Calculate q(k).
9
Let b be (8 + -5)*(1 + 0). Suppose b*h = -5*h + 40. Let m(o) = -o + 7. Determine m(h).
2
Let c(x) = x**2 + 8*x + 9. Let b(i) = -i - 7. Let n be b(-15). Let o(q) = -q + 1. Let p be o(n). Calculate c(p).
2
Let r = 26 + -16. Let s be (-6)/21 + r/(-14). Let x(o) = 2*o**3 + 2*o**2 + o. Determine x(s).
-1
Let w(o) be the second derivative of o**4/12 - o**3 - o**2/2 - 2*o. Suppose -119 = -42*y + 25*y. Determine w(y).
6
Let b(a) = -a + 8*a**2 - 6*a + 3*a - 9*a**2 - 5. What is b(-4)?
-5
Suppose 0 = -4*a - 2*z - 16 + 4, a + 3*z + 13 = 0. Let k be 2*(-2 + 1 + a). Let s(c) = c**2 + 2*c + 5. Give s(k).
13
Let r(l) = l**2 - l - 3. Suppose -17 = -t + 3. Suppose -4*p - p - 15 = -3*c, 2*p + 4*c - t = 0. What is r(p)?
-3
Suppose 3*j + 3*b - 12 = 9, -j = 4*b - 13. Suppose -j = 3*o + 1. Let i be ((-26)/(-13))/((-4)/o). Let z(d) = 8*d**2 + d - 1. Determine z(i).
8
Let u(l) = -6 - l - 5*l + 3*l**2 - 2*l**2. Let k(m) = 2*m**3 - 4*m**2 + 3*m + 3. Let w be k(3). Suppose -7*c - w = -12*c. Calculate u(c).
-6
Let l = 312 + -303. Let s(d) = d**3 - 10*d**2 + 7*d - 9. What is s(l)?
-27
Let c(x) = -3*x - 9. Suppose 0 = -3*g + 2*t - 8 - 14, 0 = t - 5. What is c(g)?
3
Let v(x) be the first derivative of -x**2 - 11*x - 254. Calculate v(-5).
-1
Let u(r) = r - 6. Let b be -10 + ((-10)/(-25))/(1/5). What is u(b)?
-14
Let q(p) be the second derivative of -p**5/20 + p**4/2 - p**3 + 3*p**2 - 20*p. Calculate q(5).
1
Let p(i) be the third derivative of -i**7/840 - i**6/72 + i**5/24 - 5*i**4/24 + 19*i**3/6 - 14*i**2. Let d(s) be the first derivative of p(s). Determine d(-6).
1
Suppose 2*i = -0*i + 4. Suppose -p = -5*s + 2, -p - i = 2*s - 0*s. Let f(c) = c**3 + 2*c**2 - 3*c - 3. Determine f(p).
3
Let d(t) be the second derivative of t**7/840 - t**6/60 + t**4/12 + 31*t**3/6 + 8*t. Let o(u) be the second derivative of d(u). Calculate o(6).
2
Let c(k) be the second derivative of -k**4/12 - 2*k**3 - 5*k**2/2 - 1028*k. Determine c(-10).
15
Suppose 19*y = 1 + 113. Let o(a) = -a**2 + 8*a + 3. Determine o(y).
15
Let j = -37 + 145. Let s(k) = 117 - j + 2*k + 0*k. Give s(-8).
-7
Let a(u) = -u - 21. Suppose -17 = 2*w - 8*z + 5*z, 4*w + 2*z + 42 = 0. Calculate a(w).
-11
Let l(b) = -b**2 + 8*b - 13. Let s(y) = -98*y - 1070. Let k be s(-11). Determine l(k).
-13
Let t(s) be the first derivative of 0*s**2 + 0*s - 1/24*s**4 - 5 - 1/120*s**5 + 4/3*s**3. Let k(q) be the third derivative of t(q). Determine k(5).
-6
Let j be -1*(2 + 6/(-2)). Let k(y) = 64*y**2 + y - 3. Let g(m) = -222*m**2 - 3*m + 10. Let h(o) = -2*g(o) - 7*k(o). Give h(j).
-4
Let u(q) be the third derivative of 0 + 0*q + 7/6*q**3 - 31*q**2 + 1/120*q**6 - 1/12*q**5 - 1/4*q**4. Determine u(6).
7
Let m(x) = x**2 + 191 - x**3 + x**2 + 0*x**2 - 193. Let q be -1*1 - 6*4/(-8). Determine m(q).
-2
Let d(r) be the second derivative of 5/2*r**2 - 19*r + 0 + 1/6*r**3. Determine d(-7).
-2
Let a(n) = n**3 + 6*n**2 + n + 6. Suppose 0 = -3*y - 0 + 6. Suppose i = -0 - y. Let z be i/9 + 52/(-9). Give a(z).
0
Suppose -108*x = 76*x. Let i(o) = 4*o - 1 - 3*o - 5. What is i(x)?
-6
Let m be 37/(-1 - 1 - -3). Let f = -53 + m. Let v = f + 15. Let c(o) = 2*o + 1. Give c(v).
-1
Let l(w) = -2*w**2 + 9*w - 7. Let v(r) = -3*r**2 + 13*r - 10. Let c(p) = 8*l(p) - 5*v(p). Calculate c(5).
4
Let a(y) be the second derivative of y**4/12 + 7*y**3/6 + y**2 - 2*y. Let f be a(-7). Let i(t) = 0 - 11 - t**2 - t + f*t**2. What is i(0)?
-11
Let d be 2*((-11)/33)/((-6)/27). Let p(c) = c**2 + 3*c + 3. Give p(d).
21
Suppose -8*r = 121 + 63. Let c = -24 - r. Let u(a) = -7*a**2. Determine u(c).
-7
Suppose -6*w + 19*w = -10*w. Let c(d) be the third derivative of w*d + 1/12*d**4 + 1/60*d**5 - 5*d**2 + 0 - 1/6*d**3. What is c(-5)?
14
Let o be 2/3 + (-91)/(-21). Let p(a) = -a**3 + 5*a**2 + 6. Give p(o).
6
Let m(o) be the first derivative of -o**2/2 + o + 4. Let x(t) = 3*t**3 - t**2 + 2*t. Let h be x(1). Suppose h*w = -0*w + 16. Determine m(w).
-3
Let y(c) = c**3 - 4*c**2 + 8*c - 2. Suppose -2*p + 6 = -0*p. Give y(p).
13
Let u(t) = -t**2 - 4*t. Let a(d) = 2*d**2 + 3*d - 3. Let c be a(-3). Let b be ((-4)/c)/((-8)/(-60)). Let v = -9 - b. Give u(v).
0
Let o(d) = -d**3 + 3*d**2 + 4*d - 3. Suppose -3*j + 270 = 5*h, 5*h - 155 = j + 115. Let p = 58 - h. Calculate o(p).
-3
Let m = -88 + 75. Let u(j) = j**2 + 13*j - 5. What is u(m)?
-5
Let n(c) = 31*c**2 + 14*c. Let l(r) = -11*r**2 - 5*r. Let o(g) = 17*l(g) + 6*n(g). Let m = -2 - 2. What is o(m)?
-12
Let f(j) = -3*j**2 - j - 2. Let b(d) = -20*d**2 - 3*d - 7. Let r(s) = -b(s) + 4*f(s). Calculate r(-1).
8
Let i(p) = 2*p + 1. Let o be 2 - (-2 + (-1 - -2)). Suppose -o*z + 3*c = -8*z - 3, 0 = -2*z - 3*c + 6. Give i(z).
-5
Suppose 0 = -2*v - 0*v + 6. Suppose v*j = -4 - 2. Let r(t) = -8*t + 2. What is r(j)?
18
Let h(t) = t**2 + 7*t - 6. Let z(k) = k**3 + 6*k**2 + 6*k - 3. Let v be z(-5). What is h(v)?
2
Let h(j) = -j**3 + 6*j**2 - 6. Suppose 2*r - 7 = 3*m + 2*m, 0 = m + 2*r - 1. Let u = m - -7. Give h(u).
-6
Suppose 24 = 3*z + 5*z. Suppose z*h + 14 = -5*q + 5, 0 = q - 3*h + 9. Let n(y) = -2*y + 1. Determine n(q).
7
Let g(b) be the first derivative of 3*b**2 + 1 - 1/3*b**3 - 3*b. Let a be (-147)/(-51) - ((-224)/(-119) - 2). Calculate g(a).
6
Let v(k) = 2*k**2 + 5*k + 3. Let j = 74 - 72. Suppose -4*s - 7 = 5*i, j*s + 5*i + 4 = -s. Calculate v(s).
6
Let c(d) = 4*d - 5. Let l = 228 - 226. What is c(l)?
3
Let u(v) = -15*v**2 + 14*v - 7. Let k(n) = 2 - 2 + 39*n - 32*n - 7*n**2 - 3. Let x(o) = -13*k(o) + 6*u(o). What is x(8)?
5
Let c(a) = -3*a + 4. Let v(y) = -2*y**3 - 15*y**2 + 5*y - 15. Let b(z) = -z**3 - 7*z**2 + 3*z - 8. Let i(q) = 5*b(q) - 2*v(q). Let s be i(-6). Determine c(s).
16
Let p(y) = -y**2 + 9*y - 9. Let m = 21 - 21. Suppose m = k + f - 5, -4*k + 0*k + 17 = 5*f. Determine p(k).
-1
Suppose -29*q = -10*q. Let k(u) = -u**3 + 2*u**2 - 3. Determine k(q).
-3
Let t(c) = 5*c**3 - c**2 - c - 11. Let b(p) = -p**3 + p + 3. Let z(x) = -4*b(x) - t(x). Calculate z(-2).
17
Let y(c) = c + 5. Let q be (-250)/175*14/4. Determine y(q).
0
Let b = -398 + 390. Let j(d) = -d**2 - 7*d + 13. Give j(b).
5
Let d(z) = -2*z**2 - 5*z + 1. Suppose 4*b - 4 = l, 5*b - 9 - 17 = -4*l. Suppose 0 = -2*c + 6, -22 = -0*g + 4*g - b*c. Determine d(g).
-11
Let f be (3 + -4)*(-4 + 6). Let c(y) = -y**2 - y - 1. Give c(f).
-3
Let l(y) be the first derivative of -y**7/840 + y**6/360 - y**5/40 + y**4/12 - 5*y**3/3 - 5. Let o(z) be the third derivative of l(z). Calculate o(2).
-8
Let d(j) = -4*j + 2 + 107*j**2 - 105*j**2 + 9*j. Calculate d(-4).
14
Let y(h) = -5*h**3 + h. Let o(p) = -p**3 + 9*p**2 - 7*p. Let j be o(8). Let g = j - 9. Determine y(g).
4
Let q(x) = 3*x**2 - 24*x + 3. Let v(y) = -y**2 + 2*y. Let j(h) = -q(h) - 5*v(h). Calculate j(-9).
33
Let a(b) = 9. Let n(g) = -4. Let x(t) = -3*a(t) - 7*n(t). Let w(o) = o + 12. Let z(y) = w(y) - 6*x(y). Determine z(-6).
0
Let p(x) be the first derivative of 3*x**2/2 - 13*x + 650. Determine p(6).
5
Let n(h) = 7*h**2 + 19*h + 22. Let m(a) = a**2 + 2*a + 2. Let u(k) = -6*m(k) + n(k). Give u(-5).
0
Let q(y) = -y**3 - 4*y**2 - 5*y - 2. Let i be q(-3). Let t(b) = -386*b - 375*b + 756*b + 2*b**2. Give t(i).
12
Let m(f) = -5*f - 5. Let z(b) = -2*b**3 + 63*b**2 + 30*b + 62. Let t be z(32). What is m(t)?
5
Let m(f) be the first derivative of f**4/4 + 4*f**3/3 - 5*f**2/2 - f + 51. Give m(-5).
-1
Suppose -2*z = 2*z + 16. Suppose 0 = -j + 4*p - 18, 0 = -0*j + j + 4*p - 22. Let t(u) = -3*u**2 - 7*u**3 + 6*u + j + 11*u**3 - 5*u**3. Calculate t(z).
-6
Let t(j) = -j**2 - 8*j - 7. Suppose 4*p = 5*i - 42, 29 = 2*i - 4*p + 5. Suppose -1 = v + i. Determine t(v).
0
Let r(v) = 8*v**2 - 4*v - 3. Let n(q) = -7*q**2 + 4*q + 2. Let w(c) = 7*n(c) 